{"id":166,"date":"2025-02-12T18:46:33","date_gmt":"2025-02-12T17:46:33","guid":{"rendered":"https:\/\/patrickdacquay.fr\/?page_id=166"},"modified":"2025-04-03T12:13:05","modified_gmt":"2025-04-03T10:13:05","slug":"mentions-legales","status":"publish","type":"page","link":"https:\/\/patrickdacquay.fr\/index.php\/mentions-legales\/","title":{"rendered":"Mentions L\u00e9gales"},"content":{"rendered":"<p>[et_pb_section fb_built=&#8221;1&#8243; _builder_version=&#8221;4.27.4&#8243; _module_preset=&#8221;default&#8221; global_colors_info=&#8221;{}&#8221;][et_pb_row _builder_version=&#8221;4.27.4&#8243; _module_preset=&#8221;default&#8221; global_colors_info=&#8221;{}&#8221;][et_pb_column type=&#8221;4_4&#8243; _builder_version=&#8221;4.27.4&#8243; _module_preset=&#8221;default&#8221; global_colors_info=&#8221;{}&#8221;][et_pb_text _builder_version=&#8221;4.27.4&#8243; _module_preset=&#8221;default&#8221; text_font=&#8221;&#8211;et_global_heading_font||||||||&#8221; text_text_color=&#8221;#000000&#8243; text_font_size=&#8221;20px&#8221; hover_enabled=&#8221;0&#8243; global_colors_info=&#8221;{}&#8221; sticky_enabled=&#8221;0&#8243;]<\/p>\n<h2 id=\"editeur-du-site\" style=\"color: #b51a00;\"><span style=\"color: #ffffff;\">\u00c9diteur du site<\/span><\/h2>\n<p><span style=\"color: #ffffff;\">Patrick Dacquay<\/span><\/p>\n<p><span style=\"color: #ffffff;\">Sarthe<\/span><\/p>\n<p><span style=\"color: #ffffff;\">Contact via le formulaire de contact<\/span><\/p>\n<p><span style=\"color: #ffffff;\">Site web : <a href=\"https:\/\/www.anthedesign.fr\" style=\"color: #ffffff;\">www.patrickdacquay.fr<\/a><\/span><\/p>\n<h3 id=\"hebergement\" style=\"color: #b51a00;\"><span style=\"color: #ffffff;\">H\u00e9bergement<\/span><\/h3>\n<p><span class=\"BxUVEf ILfuVd\" lang=\"fr\" style=\"color: #ffffff;\"><span class=\"hgKElc\">OVH SAS est une filiale de la soci\u00e9t\u00e9 OVH Groupe SA, soci\u00e9t\u00e9 immatricul\u00e9e au RCS de Lille sous le num\u00e9ro 537 407 926 sise <b>2, rue Kellermann, 59100 Roubaix<\/b>.<\/span><\/span><\/p>\n<h3 id=\"developpement\" style=\"color: #b51a00;\"><span style=\"color: #ffffff;\">D\u00e9veloppement<\/span><\/h3>\n<p><span style=\"color: #ffffff;\">Christophe POIRIER webmaster<\/span><\/p>\n<p><span style=\"color: #ffffff;\">www.christophepoirier.fr<\/span><\/p>\n<h3 id=\"conditions-dutilisation\" style=\"color: #b51a00;\"><span style=\"color: #ffffff;\">Conditions d\u2019utilisation<\/span><\/h3>\n<p><span style=\"color: #ffffff;\">Ce site www.patrickdacquay.fr est propos\u00e9 en diff\u00e9rents langages web (HTML, HTML5, Javascript, CSS, etc\u2026) pour un meilleur confort d\u2019utilisation et un graphisme plus agr\u00e9able.<\/span><\/p>\n<p><span style=\"color: #ffffff;\">\u00a0<\/span><\/p>\n<h3 id=\"cookies\"><span style=\"color: #ffffff;\">Cookies<\/span><\/h3>\n<p><span style=\"color: #ffffff;\">Le site\u00a0 peut-\u00eatre amen\u00e9 \u00e0 vous demander l\u2019acceptation des cookies pour des besoins de statistiques et d\u2019affichage. Un cookie est une information d\u00e9pos\u00e9e sur votre disque dur par le serveur du site que vous visitez.<\/span><\/p>\n<p><span style=\"color: #ffffff;\">Il contient plusieurs donn\u00e9es qui sont stock\u00e9es sur votre ordinateur dans un simple fichier texte auquel un serveur acc\u00e8de pour lire et enregistrer des informations. Certaines parties de ce site ne peuvent \u00eatre fonctionnelles sans l\u2019acceptation de cookies.<\/span><\/p>\n<h3 id=\"liens-hypertextes\"><span style=\"color: #ffffff;\">Liens hypertextes<\/span><\/h3>\n<p><span style=\"color: #ffffff;\">Les sites internet peuvent offrir des liens vers d\u2019autres sites internet ou d\u2019autres ressources disponibles sur Internet.<\/span><\/p>\n<p><span style=\"color: #ffffff;\">Les utilisateurs, les abonn\u00e9s et les visiteurs des sites internet ne peuvent pas mettre en place un hyperlien en direction de www.patrickdacquay.fr sans l\u2019autorisation expresse et pr\u00e9alable de Patrick Dacquay.<\/span><\/p>\n<p><span style=\"color: #ffffff;\">Dans l\u2019hypoth\u00e8se o\u00f9 un utilisateur ou visiteur souhaiterait mettre en place un hyperlien en direction d\u2019un des sites internet de Patrick Dacquay, il lui appartiendra d\u2019adresser un email accessible sur le site afin de formuler sa demande de mise en place d\u2019un hyperlien.<\/span><\/p>\n<p><span style=\"color: #ffffff;\">\u00a0<\/span><\/p>\n<h3 id=\"propriete-intellectuelle\" style=\"color: #b51a00;\"><span style=\"color: #ffffff;\">Propri\u00e9t\u00e9 intellectuelle<\/span><\/h3>\n<p><span style=\"color: #ffffff;\">Tout le contenu du pr\u00e9sent site , incluant, de fa\u00e7on non limitative, les graphismes, images, textes, vid\u00e9os, animations, sons, logos, gifs et ic\u00f4nes ainsi que leur mise en forme sont la propri\u00e9t\u00e9 exclusive de la Patrick Dacquay \u00e0 l\u2019exception des marques, logos ou contenus appartenant \u00e0 d\u2019autres soci\u00e9t\u00e9s partenaires ou auteurs.<\/span><\/p>\n<p><span style=\"color: #ffffff;\">Toute reproduction, distribution, modification, adaptation, retransmission ou publication, m\u00eame partielle, de ces diff\u00e9rents \u00e9l\u00e9ments est strictement interdite sans l\u2019accord expr\u00e8s par \u00e9crit de Patrick Dacquay. Cette repr\u00e9sentation ou reproduction, par quelque proc\u00e9d\u00e9 que ce soit, constitue une contrefa\u00e7on sanctionn\u00e9e par les articles L.335-2 et suivants du Code de la propri\u00e9t\u00e9 intellectuelle. Le non-respect de cette interdiction constitue une contrefa\u00e7on pouvant engager la responsabilit\u00e9 civile et p\u00e9nale du contrefacteur. En outre, les propri\u00e9taires des Contenus copi\u00e9s pourraient intenter une action en justice \u00e0 votre encontre.<\/span><\/p>\n<p>[\/et_pb_text][\/et_pb_column][\/et_pb_row][\/et_pb_section]<\/p>\n","protected":false},"excerpt":{"rendered":"<p>\u00c9diteur du site Patrick Dacquay Sarthe Contact via le formulaire de contact Site web : www.patrickdacquay.fr H\u00e9bergement OVH SAS est une filiale de la soci\u00e9t\u00e9 OVH Groupe SA, soci\u00e9t\u00e9 immatricul\u00e9e au RCS de Lille sous le num\u00e9ro 537 407 926 sise 2, rue Kellermann, 59100 Roubaix. D\u00e9veloppement Christophe POIRIER webmaster www.christophepoirier.fr Conditions d\u2019utilisation Ce site [&hellip;]<\/p>\n","protected":false},"author":1,"featured_media":0,"parent":0,"menu_order":0,"comment_status":"closed","ping_status":"closed","template":"","meta":{"_et_pb_use_builder":"on","_et_pb_old_content":"","_et_gb_content_width":"","footnotes":""},"class_list":["post-166","page","type-page","status-publish","hentry"],"yoast_head":"<!-- This site is optimized with the Yoast SEO plugin v24.4 - https:\/\/yoast.com\/wordpress\/plugins\/seo\/ -->\n<title>Mentions L\u00e9gales - Patrick Dacquay<\/title>\n<meta name=\"robots\" content=\"index, follow, max-snippet:-1, max-image-preview:large, max-video-preview:-1\" \/>\n<link rel=\"canonical\" href=\"https:\/\/patrickdacquay.fr\/index.php\/mentions-legales\/\" \/>\n<meta property=\"og:locale\" content=\"en_US\" \/>\n<meta property=\"og:type\" content=\"article\" \/>\n<meta property=\"og:title\" content=\"Mentions L\u00e9gales - Patrick Dacquay\" \/>\n<meta property=\"og:description\" content=\"\u00c9diteur du site Patrick Dacquay Sarthe Contact via le formulaire de contact Site web : www.patrickdacquay.fr H\u00e9bergement OVH SAS est une filiale de la soci\u00e9t\u00e9 OVH Groupe SA, soci\u00e9t\u00e9 immatricul\u00e9e au RCS de Lille sous le num\u00e9ro 537 407 926 sise 2, rue Kellermann, 59100 Roubaix. D\u00e9veloppement Christophe POIRIER webmaster www.christophepoirier.fr Conditions d\u2019utilisation Ce site [&hellip;]\" \/>\n<meta property=\"og:url\" content=\"https:\/\/patrickdacquay.fr\/index.php\/mentions-legales\/\" \/>\n<meta property=\"og:site_name\" content=\"Patrick Dacquay\" \/>\n<meta property=\"article:modified_time\" content=\"2025-04-03T10:13:05+00:00\" \/>\n<meta name=\"twitter:card\" content=\"summary_large_image\" \/>\n<meta name=\"twitter:label1\" content=\"Est. reading time\" \/>\n\t<meta name=\"twitter:data1\" content=\"3 minutes\" \/>\n<script type=\"application\/ld+json\" class=\"yoast-schema-graph\">{\"@context\":\"https:\/\/schema.org\",\"@graph\":[{\"@type\":\"WebPage\",\"@id\":\"https:\/\/patrickdacquay.fr\/index.php\/mentions-legales\/\",\"url\":\"https:\/\/patrickdacquay.fr\/index.php\/mentions-legales\/\",\"name\":\"Mentions L\u00e9gales - Patrick Dacquay\",\"isPartOf\":{\"@id\":\"https:\/\/patrickdacquay.fr\/#website\"},\"datePublished\":\"2025-02-12T17:46:33+00:00\",\"dateModified\":\"2025-04-03T10:13:05+00:00\",\"breadcrumb\":{\"@id\":\"https:\/\/patrickdacquay.fr\/index.php\/mentions-legales\/#breadcrumb\"},\"inLanguage\":\"en-US\",\"potentialAction\":[{\"@type\":\"ReadAction\",\"target\":[\"https:\/\/patrickdacquay.fr\/index.php\/mentions-legales\/\"]}]},{\"@type\":\"BreadcrumbList\",\"@id\":\"https:\/\/patrickdacquay.fr\/index.php\/mentions-legales\/#breadcrumb\",\"itemListElement\":[{\"@type\":\"ListItem\",\"position\":1,\"name\":\"Accueil\",\"item\":\"https:\/\/patrickdacquay.fr\/\"},{\"@type\":\"ListItem\",\"position\":2,\"name\":\"Mentions L\u00e9gales\"}]},{\"@type\":\"WebSite\",\"@id\":\"https:\/\/patrickdacquay.fr\/#website\",\"url\":\"https:\/\/patrickdacquay.fr\/\",\"name\":\"Patrick Dacquay\",\"description\":\"La vi aile et chante\",\"potentialAction\":[{\"@type\":\"SearchAction\",\"target\":{\"@type\":\"EntryPoint\",\"urlTemplate\":\"https:\/\/patrickdacquay.fr\/?s={search_term_string}\"},\"query-input\":{\"@type\":\"PropertyValueSpecification\",\"valueRequired\":true,\"valueName\":\"search_term_string\"}}],\"inLanguage\":\"en-US\"}]}<\/script>\n<!-- \/ Yoast SEO plugin. -->","yoast_head_json":{"title":"Mentions L\u00e9gales - Patrick Dacquay","robots":{"index":"index","follow":"follow","max-snippet":"max-snippet:-1","max-image-preview":"max-image-preview:large","max-video-preview":"max-video-preview:-1"},"canonical":"https:\/\/patrickdacquay.fr\/index.php\/mentions-legales\/","og_locale":"en_US","og_type":"article","og_title":"Mentions L\u00e9gales - Patrick Dacquay","og_description":"\u00c9diteur du site Patrick Dacquay Sarthe Contact via le formulaire de contact Site web : www.patrickdacquay.fr H\u00e9bergement OVH SAS est une filiale de la soci\u00e9t\u00e9 OVH Groupe SA, soci\u00e9t\u00e9 immatricul\u00e9e au RCS de Lille sous le num\u00e9ro 537 407 926 sise 2, rue Kellermann, 59100 Roubaix. D\u00e9veloppement Christophe POIRIER webmaster www.christophepoirier.fr Conditions d\u2019utilisation Ce site [&hellip;]","og_url":"https:\/\/patrickdacquay.fr\/index.php\/mentions-legales\/","og_site_name":"Patrick Dacquay","article_modified_time":"2025-04-03T10:13:05+00:00","twitter_card":"summary_large_image","twitter_misc":{"Est. reading time":"3 minutes"},"schema":{"@context":"https:\/\/schema.org","@graph":[{"@type":"WebPage","@id":"https:\/\/patrickdacquay.fr\/index.php\/mentions-legales\/","url":"https:\/\/patrickdacquay.fr\/index.php\/mentions-legales\/","name":"Mentions L\u00e9gales - Patrick Dacquay","isPartOf":{"@id":"https:\/\/patrickdacquay.fr\/#website"},"datePublished":"2025-02-12T17:46:33+00:00","dateModified":"2025-04-03T10:13:05+00:00","breadcrumb":{"@id":"https:\/\/patrickdacquay.fr\/index.php\/mentions-legales\/#breadcrumb"},"inLanguage":"en-US","potentialAction":[{"@type":"ReadAction","target":["https:\/\/patrickdacquay.fr\/index.php\/mentions-legales\/"]}]},{"@type":"BreadcrumbList","@id":"https:\/\/patrickdacquay.fr\/index.php\/mentions-legales\/#breadcrumb","itemListElement":[{"@type":"ListItem","position":1,"name":"Accueil","item":"https:\/\/patrickdacquay.fr\/"},{"@type":"ListItem","position":2,"name":"Mentions L\u00e9gales"}]},{"@type":"WebSite","@id":"https:\/\/patrickdacquay.fr\/#website","url":"https:\/\/patrickdacquay.fr\/","name":"Patrick Dacquay","description":"La vi aile et chante","potentialAction":[{"@type":"SearchAction","target":{"@type":"EntryPoint","urlTemplate":"https:\/\/patrickdacquay.fr\/?s={search_term_string}"},"query-input":{"@type":"PropertyValueSpecification","valueRequired":true,"valueName":"search_term_string"}}],"inLanguage":"en-US"}]}},"_links":{"self":[{"href":"https:\/\/patrickdacquay.fr\/index.php\/wp-json\/wp\/v2\/pages\/166","targetHints":{"allow":["GET"]}}],"collection":[{"href":"https:\/\/patrickdacquay.fr\/index.php\/wp-json\/wp\/v2\/pages"}],"about":[{"href":"https:\/\/patrickdacquay.fr\/index.php\/wp-json\/wp\/v2\/types\/page"}],"author":[{"embeddable":true,"href":"https:\/\/patrickdacquay.fr\/index.php\/wp-json\/wp\/v2\/users\/1"}],"replies":[{"embeddable":true,"href":"https:\/\/patrickdacquay.fr\/index.php\/wp-json\/wp\/v2\/comments?post=166"}],"version-history":[{"count":4,"href":"https:\/\/patrickdacquay.fr\/index.php\/wp-json\/wp\/v2\/pages\/166\/revisions"}],"predecessor-version":[{"id":1009,"href":"https:\/\/patrickdacquay.fr\/index.php\/wp-json\/wp\/v2\/pages\/166\/revisions\/1009"}],"wp:attachment":[{"href":"https:\/\/patrickdacquay.fr\/index.php\/wp-json\/wp\/v2\/media?parent=166"}],"curies":[{"name":"wp","href":"https:\/\/api.w.org\/{rel}","templated":true}]}}